ime factors of f?
2, 3
Let b(o) = 23*o**2 - 3*o - 10. Suppose 2*p - 2*f - 6 = 0, 11*f - 9*f + 14 = -2*p. List the prime factors of b(p).
2, 11
Let a be 528/(-54) - 2/9. Let m be (-2)/5 + 46/a. What are the prime factors of m*-1*(3 - 2)?
5
Suppose -3*d = 2*d + 2*l + 15, 3*d - 3*l = -30. Let t(j) = -30*j - 9. Let z be t(d). Suppose z = -0*u + 3*u. What are the prime factors of u?
47
Let a be 0 + 8/4 + 1. Suppose a*g + 48 + 39 = 0. Let f = -9 - g. List the prime factors of f.
2, 5
Suppose 2*a - 7 = 3. What are the prime factors of 6 + (2 - a) + 12?
3, 5
Let b be 1*(3 - 4)*1. What are the prime factors of b/(-4 - -3 - 40/(-41))?
41
Let f(b) = -b**3 + 21*b**2 - 21*b + 82. List the prime factors of f(14).
2, 5, 29
Let f = 1813 + 854. List the prime factors of f.
3, 7, 127
Let t(q) = 8*q + 4. Let g be t(2). Let z be 6/(-4)*g/(-6). Suppose z*n - 134 = 3*n. List the prime factors of n.
67
Let x(f) = 41*f - 69. List the prime factors of x(20).
751
Suppose 5*u + 992 = 9*u. Suppose -9*a = -5*a + 2*f - 220, 0 = -4*a + 5*f + u. What are the prime factors of a?
3, 19
Let i(a) = 4*a**2 + 36*a + 53. List the prime factors of i(-14).
3, 37
Let s = 6 - 1. Suppose 31*l - 34*l + r + 10 = 0, 2*l = r + 7. Suppose 0 = 4*k + l*a - 80, 4*k = s*k - 3*a - 5. What are the prime factors of k?
17
Let j be (1 - 1)/(-1 - -2). Suppose j = 5*m - 32 + 7. Suppose -4*p + 2*h = -38, 23 = -p + 5*p - m*h. List the prime factors of p.
2, 3
Let l = 4 - -31. Suppose 3*d = 2*a + 2*d - 67, -21 = -a - 2*d. Suppose 3*y = 2*f - l - a, 3*y = -3*f + 69. What are the prime factors of f?
3
Suppose -4*y + 2*k = -402, 0 = -y - 5*k + 70 + 3. Suppose 4*m + 2*g - 184 = 0, -4*g + y = 2*m - 0*m. List the prime factors of m.
3, 5
Suppose -12*j + 10216 - 2032 = 0. List the prime factors of j.
2, 11, 31
Let q = 1196 + -615. List the prime factors of q.
7, 83
Let c(i) = 7*i - 6*i - 10*i - 12*i. Let x be c(-1). Suppose -6*o + 3*o = -x. What are the prime factors of o?
7
Suppose k + 13 = -j, -5*k + 2*j - 89 = -j. List the prime factors of (-2)/8 - (-12)/k - -107.
2, 53
Suppose -4*x + 3447 = 1103. What are the prime factors of x?
2, 293
Let j be 0 - (11 + -16 - (-1 - 2)). Suppose -g = -3*f + g + 181, -5*g - 106 = -j*f. List the prime factors of f.
3, 7
Suppose -2*j + 136 = 5*k, 5*j - 321 = -0*j - 3*k. List the prime factors of j.
3, 7
Let f(x) = -x**3 + 7*x**2 + 69*x - 18. What are the prime factors of f(12)?
2, 3, 5
Let c = 4731 - 3331. List the prime factors of c.
2, 5, 7
Let y = 2022 + -1155. List the prime factors of y.
3, 17
Let d(s) = 11*s**3 + 5*s**2 - 6*s + 27. What are the prime factors of d(4)?
787
Suppose -3*k = 4*z - 3270, 4*k = 5*z + 3714 + 615. List the prime factors of k.
2, 3, 181
Suppose -z = 3*d - 394, 2*z - d - 418 = 342. List the prime factors of z.
2, 191
Suppose -7*i = -2*i + 4*x - 42, 39 = 5*i + 3*x. Let r = i - -3. List the prime factors of (-9)/(-2)*(17 - r).
2, 3
Let j be (-5)/2*18/(-15). Suppose l - j*l + 4 = 0. Suppose 2*g = l*x + 4, x - 8 + 0 = -4*g. List the prime factors of g.
2
Suppose 185 = 5*n + 5*z, 3*z - 39 = n - 2*n. Let p = 45 + n. List the prime factors of p.
3
Let p = -6409 - -11818. List the prime factors of p.
3, 601
Let x(k) = k**2 - k + 3. Let w be x(2). Let i(a) = -2*a**2 + 9*a + 3. Let m be i(w). What are the prime factors of (-3)/(m*2/28)?
3, 7
Let i(n) = -4*n**2 + 14*n + 6. Let u be i(6). Let r = -35 - u. Let a = 21 - r. List the prime factors of a.
2
Suppose -55260 = -84*r + 24*r. What are the prime factors of r?
3, 307
Let k = -2660 + 3095. What are the prime factors of k?
3, 5, 29
Suppose 0*r = 3*r - 5*b - 24, 0 = 5*r - 5*b - 30. Suppose r*t = -4*p - 31, -5*t - p - 2*p - 37 = 0. Let c = t - -7. List the prime factors of c.
2
Let n be (-1)/(12/(-362)) - 6/36. Let z = n + -25. List the prime factors of z.
5
Let j(r) = r + 7. Suppose -q + 2*z = -z + 4, -4*z = -3*q - 17. Let g be j(q). Suppose 3*t + t - 232 = g. What are the prime factors of t?
2, 29
Let o(c) = 11*c + 84. Let m be o(-8). List the prime factors of m*(-3)/12 + 66.
67
Suppose -14*t - 9540 = -20*t. Suppose t = 8*l - 402. List the prime factors of l.
3, 83
List the prime factors of ((-461)/(-5))/(10/50).
461
Let k = -112 - -209. Suppose 664 = 9*i + k. What are the prime factors of i?
3, 7
Suppose -24*k = -23*k. Let z be 36/4 + k + -2. Suppose 0 = z*x - 5*x - 36. List the prime factors of x.
2, 3
Suppose 0 = -2*b - 62 - 36. Let a = 76 + b. What are the prime factors of a?
3
Let h(m) = m**2 + 6*m + 16. Let x = 59 + -65. List the prime factors of h(x).
2
Suppose 322 + 2189 = 3*p. List the prime factors of p.
3, 31
Suppose 2*k + 2*j - 438 = 0, -4*k - 2*j + 7*j + 885 = 0. Let i be 2/3 + k/12. What are the prime factors of (-84)/(-2) - (i - 16)?
3, 13
Suppose 4*b - 44 = -2*t, -t - 2*b + 22 = -4*b. Let y = -7 + t. Suppose h - y = -0*h. List the prime factors of h.
3, 5
Let a(y) be the second derivative of y**4 - y**3/2 - 2*y**2 + 7*y. List the prime factors of a(-2).
2, 5
Suppose -2*i + 64 = 2*i. Let r be (84/i)/((-2)/(-16)). Let q = r - 13. List the prime factors of q.
29
Let r(i) = -1. Let l(x) = -25*x**2 - 2*x + 7. Let d(u) = -l(u) - 4*r(u). List the prime factors of d(2).
101
Suppose 2*p = 16 - 42. Let i(r) = -7*r**2 - 70*r + 20. Let a be i(-10). Let m = a - p. List the prime factors of m.
3, 11
Let j = 376 - 47. Let q = -171 + j. List the prime factors of q.
2, 79
Let n(t) = 6*t**2 + 3*t - 1. Let i(q) = q**3 - 6*q**2 - 2*q + 2. Let o(u) = -3*i(u) - 4*n(u). What are the prime factors of o(-3)?
43
Let v be 16/28*(-4 + 11). Suppose -245 = -4*n - 3*c - 2*c, -236 = -v*n + 4*c. What are the prime factors of n?
2, 3, 5
Suppose 15*z + 90 = 13*z. Let a = z - -63. What are the prime factors of a?
2, 3
Suppose 1738 = -11*x + 33*x. List the prime factors of x.
79
Let j = 87 + -89. Let x(d) = -2*d**3 - d**2 + d - 3. List the prime factors of x(j).
7
Suppose -3250 = -4*w - 2*y, -w + 2*y + 825 = 5*y. What are the prime factors of w?
2, 3, 5
Let i(k) = k**2 - 15*k - 9. Let j be i(14). Let w(c) = -c**3 - 19*c**2 - 38*c - 12. Let x be w(-17). Let t = j + x. What are the prime factors of t?
3, 11
Suppose 31 = -x + 81. Suppose 6*a - 8*a = -x. List the prime factors of a.
5
Suppose 6*b = -94 - 176. Let k = 102 + b. List the prime factors of k.
3, 19
List the prime factors of (-1)/(1/(-2))*(-13904)/(-44).
2, 79
Suppose -7*f = -230 - 512. Let t = 121 - f. List the prime factors of t.
3, 5
Let z be (-4)/(-14) + 25/35. What are the prime factors of -3 - (z + 3 + -14)?
7
Suppose -10651 + 62539 = 46*w. What are the prime factors of w?
2, 3, 47
Let p(b) = -b**2 + b - 1. Let o(q) = 4*q**2 - 11*q - 12. Let g(t) = -o(t) - 3*p(t). What are the prime factors of g(8)?
3, 5
Suppose -2*b + 0*b = 84. Let u be b/(-18) + (-6)/(-9). Suppose u*s - 244 = -100. What are the prime factors of s?
2, 3
Suppose 3*l = 5*l - 4*u - 5116, -4*l = -5*u - 10247. What are the prime factors of l?
2, 3, 107
What are the prime factors of (-3978)/(-11) - (-132)/363?
2, 181
Let t(v) = v**3 - 10*v**2 - 13*v - 3. Let f be t(11). Let p = -10 - f. What are the prime factors of p?
3, 5
Suppose -4*y + n + 20 = -8*y, -3*n + 24 = -2*y. Let x = y + 45. What are the prime factors of (1 - x/3)/(-1)?
2, 3
Suppose -2718 = -6*r + 2304. List the prime factors of r.
3, 31
Let v(p) = -3*p**2 - 3*p + 6. Let a be v(-11). Let d = 217 + a. Let r = -68 - d. List the prime factors of r.
3, 13
Suppose -j + 450 = 4*v, -5*j + 0*v + v = -2166. What are the prime factors of j?
2, 7, 31
Suppose 4*z - 10 = -0*z - b, -5*z + 5*b = -25. Suppose 2*g = -z*g + 1025. List the prime factors of g.
5, 41
Suppose 8644 = 6*z + 1042. What are the prime factors of z?
7, 181
Let c = -2152 - -5821. Suppose 11*x - 181 = c. What are the prime factors of x?
2, 5, 7
Let x = -73 - -121. Suppose 172 = f - x. What are the prime factors of f?
2, 5, 11
What are the prime factors of 1/2 - 35/10 - -163?
2, 5
Suppose 5*y = 2*a - 47, 3*a = -0*y + y + 12. Let g = 13 + y. Suppose -c + g*c = 12. List the prime factors of c.
2
Let b(n) = 9*n**3 + 4*n**2 + 2*n - 2. List the prime factors of b(4).
2, 17, 19
Let d(k) = k**2 - 1. Let u be d(5). Suppose -3*b + p = -0*p + u, -5*p + 21 = -4*b. What are the prime factors of b + 52 + -1*2?
41
Let b be 624/15 - (-16)/40. What are the prime factors of (-7)/b - (-421)/6?
2, 5, 7
Su